{"id":3614,"date":"2025-10-02T14:48:42","date_gmt":"2025-10-02T17:48:42","guid":{"rendered":"https:\/\/musashi.com.br\/jornal\/?page_id=3614"},"modified":"2025-10-02T14:52:46","modified_gmt":"2025-10-02T17:52:46","slug":"jogo-rapido-conhecendo-quem-faz-a-musashi-acontecer","status":"publish","type":"page","link":"https:\/\/musashi.com.br\/jornal\/jogo-rapido-conhecendo-quem-faz-a-musashi-acontecer\/","title":{"rendered":"Jogo R\u00e1pido: conhecendo quem faz a Musashi acontecer"},"content":{"rendered":"<div class=\"wpb-content-wrapper\"><p>[vc_row][vc_column][vc_column_text css=&#8221;&#8221;]<span style=\"font-weight: 400;\">O <\/span><b>Jogo R\u00e1pido<\/b><span style=\"font-weight: 400;\"> \u00e9 uma iniciativa leve e descontra\u00edda da nossa comunica\u00e7\u00e3o interna, criada para aproximar ainda mais os colaboradores e valorizar as hist\u00f3rias de quem est\u00e1 todos os dias construindo a Musashi do Brasil.<\/span><\/p>\n<p><span style=\"font-weight: 400;\">A cada edi\u00e7\u00e3o, trazemos perguntas r\u00e1pidas e curiosidades sobre colegas da f\u00e1brica, revelando detalhes que nem sempre aparecem no dia a dia de trabalho. \u00c9 um jeito divertido de mostrar talentos, paix\u00f5es e perspectivas, fortalecendo o sentimento de pertencimento e conex\u00e3o entre todos n\u00f3s.<\/span><\/p>\n<p><span style=\"font-weight: 400;\">Mais do que respostas curtas, o <\/span><b>Jogo R\u00e1pido<\/b><span style=\"font-weight: 400;\"> \u00e9 uma oportunidade de celebrar as pessoas que d\u00e3o vida \u00e0 nossa cultura e que, juntas, nos levam sempre al\u00e9m.<\/span>[\/vc_column_text][\/vc_column][\/vc_row][vc_row][vc_column]<div  class=\"jeg_postblock_5 jeg_postblock jeg_module_hook jeg_pagination_disable jeg_col_3o3 jnews_module__0_6a049fe1e15ed   \" data-unique=\"jnews_module__0_6a049fe1e15ed\">\n\t\t\t\t\t\n\t\t\t\t\t<div class=\"jeg_block_container\">\n                    \n                    <div class=\"jeg_posts jeg_load_more_flag\"><article class=\"jeg_post jeg_pl_lg_2 format-standard\">\n                    <div class=\"jeg_thumb\">\n                        \n                        <a href=\"https:\/\/musashi.com.br\/jornal\/jogo-rapido-com-george-lucas\/\" aria-label=\"Read article: Jogo R\u00e1pido com George Lucas\"><div class=\"thumbnail-container animate-lazy  size-715 \"><img loading=\"lazy\" decoding=\"async\" width=\"350\" height=\"250\" src=\"https:\/\/musashi.com.br\/jornal\/wp-content\/themes\/jnews\/assets\/img\/jeg-empty.png\" class=\"attachment-jnews-350x250 size-jnews-350x250 lazyload wp-post-image\" alt=\"Jogo R\u00e1pido com George Lucas\" sizes=\"auto, (max-width: 350px) 100vw, 350px\" data-src=\"https:\/\/musashi.com.br\/jornal\/wp-content\/uploads\/2026\/04\/CAPA-JOGO-RAPIDO-7-350x250.webp\" data-srcset=\"https:\/\/musashi.com.br\/jornal\/wp-content\/uploads\/2026\/04\/CAPA-JOGO-RAPIDO-7-350x250.webp 350w, https:\/\/musashi.com.br\/jornal\/wp-content\/uploads\/2026\/04\/CAPA-JOGO-RAPIDO-7-300x213.webp 300w, https:\/\/musashi.com.br\/jornal\/wp-content\/uploads\/2026\/04\/CAPA-JOGO-RAPIDO-7-120x86.webp 120w, https:\/\/musashi.com.br\/jornal\/wp-content\/uploads\/2026\/04\/CAPA-JOGO-RAPIDO-7-750x536.webp 750w, https:\/\/musashi.com.br\/jornal\/wp-content\/uploads\/2026\/04\/CAPA-JOGO-RAPIDO-7-1140x815.webp 1140w\" data-sizes=\"auto\" data-expand=\"700\" \/><\/div><\/a>\n                        <div class=\"jeg_post_category\">\n                            <span><a href=\"https:\/\/musashi.com.br\/jornal\/categoria\/jogo-rapido\/\" class=\"category-jogo-rapido\">Jogo R\u00e1pido<\/a><\/span>\n                        <\/div>\n                    <\/div>\n                    <div class=\"jeg_postblock_content\">\n                        <h3 class=\"jeg_post_title\">\n                            <a href=\"https:\/\/musashi.com.br\/jornal\/jogo-rapido-com-george-lucas\/\">Jogo R\u00e1pido com George Lucas<\/a>\n                        <\/h3>\n                        <div class=\"jeg_post_meta\"><div class=\"jeg_meta_date\"><a href=\"https:\/\/musashi.com.br\/jornal\/jogo-rapido-com-george-lucas\/\"><i class=\"fa fa-clock-o\"><\/i> 13 de abril de 2026<\/a><\/div><div class=\"jeg_meta_comment\"><a href=\"https:\/\/musashi.com.br\/jornal\/jogo-rapido-com-george-lucas\/#respond\" ><i class=\"fa fa-comment-o\"><\/i> 0 <\/a><\/div><\/div>\n                        <div class=\"jeg_post_excerpt\">\n                            <p>Nesta edi\u00e7\u00e3o do Jogo R\u00e1pido, conhecemos um pouco mais da trajet\u00f3ria do t\u00e9cnico de seguran\u00e7a George Lucas, que iniciou sua...<\/p>\n                            <a href=\"https:\/\/musashi.com.br\/jornal\/jogo-rapido-com-george-lucas\/\" class=\"jeg_readmore\">Leia mais<span class=\"screen-reader-text\">Details<\/span><\/a>\n                        <\/div>\n                    <\/div>\n                <\/article><article class=\"jeg_post jeg_pl_lg_2 format-standard\">\n                    <div class=\"jeg_thumb\">\n                        \n                        <a href=\"https:\/\/musashi.com.br\/jornal\/jogo-rapido-com-davi-de-lima\/\" aria-label=\"Read article: Jogo R\u00e1pido com Davi de Lima\"><div class=\"thumbnail-container animate-lazy  size-715 \"><img loading=\"lazy\" decoding=\"async\" width=\"350\" height=\"250\" src=\"https:\/\/musashi.com.br\/jornal\/wp-content\/themes\/jnews\/assets\/img\/jeg-empty.png\" class=\"attachment-jnews-350x250 size-jnews-350x250 lazyload wp-post-image\" alt=\"DAVI DE LIMA\" sizes=\"auto, (max-width: 350px) 100vw, 350px\" data-src=\"https:\/\/musashi.com.br\/jornal\/wp-content\/uploads\/2026\/02\/CAPA-JOGO-RAPIDO-2-350x250.webp\" data-srcset=\"https:\/\/musashi.com.br\/jornal\/wp-content\/uploads\/2026\/02\/CAPA-JOGO-RAPIDO-2-350x250.webp 350w, https:\/\/musashi.com.br\/jornal\/wp-content\/uploads\/2026\/02\/CAPA-JOGO-RAPIDO-2-300x213.webp 300w, https:\/\/musashi.com.br\/jornal\/wp-content\/uploads\/2026\/02\/CAPA-JOGO-RAPIDO-2-120x86.webp 120w, https:\/\/musashi.com.br\/jornal\/wp-content\/uploads\/2026\/02\/CAPA-JOGO-RAPIDO-2-750x536.webp 750w, https:\/\/musashi.com.br\/jornal\/wp-content\/uploads\/2026\/02\/CAPA-JOGO-RAPIDO-2-1140x815.webp 1140w\" data-sizes=\"auto\" data-expand=\"700\" \/><\/div><\/a>\n                        <div class=\"jeg_post_category\">\n                            <span><a href=\"https:\/\/musashi.com.br\/jornal\/categoria\/jogo-rapido\/\" class=\"category-jogo-rapido\">Jogo R\u00e1pido<\/a><\/span>\n                        <\/div>\n                    <\/div>\n                    <div class=\"jeg_postblock_content\">\n                        <h3 class=\"jeg_post_title\">\n                            <a href=\"https:\/\/musashi.com.br\/jornal\/jogo-rapido-com-davi-de-lima\/\">Jogo R\u00e1pido com Davi de Lima<\/a>\n                        <\/h3>\n                        <div class=\"jeg_post_meta\"><div class=\"jeg_meta_date\"><a href=\"https:\/\/musashi.com.br\/jornal\/jogo-rapido-com-davi-de-lima\/\"><i class=\"fa fa-clock-o\"><\/i> 27 de fevereiro de 2026<\/a><\/div><div class=\"jeg_meta_comment\"><a href=\"https:\/\/musashi.com.br\/jornal\/jogo-rapido-com-davi-de-lima\/#respond\" ><i class=\"fa fa-comment-o\"><\/i> 0 <\/a><\/div><\/div>\n                        <div class=\"jeg_post_excerpt\">\n                            <p>Nesta edi\u00e7\u00e3o do Jogo R\u00e1pido, vamos conhecer um pouco mais da trajet\u00f3ria do nosso inspetor de qualidade Davi de Lima,...<\/p>\n                            <a href=\"https:\/\/musashi.com.br\/jornal\/jogo-rapido-com-davi-de-lima\/\" class=\"jeg_readmore\">Leia mais<span class=\"screen-reader-text\">Details<\/span><\/a>\n                        <\/div>\n                    <\/div>\n                <\/article><article class=\"jeg_post jeg_pl_lg_2 format-standard\">\n                    <div class=\"jeg_thumb\">\n                        \n                        <a href=\"https:\/\/musashi.com.br\/jornal\/jogo-rapido-com-maria-lidia-de-oliveira\/\" aria-label=\"Read article: Jogo R\u00e1pido com Maria L\u00eddia de Oliveira\"><div class=\"thumbnail-container animate-lazy  size-715 \"><img loading=\"lazy\" decoding=\"async\" width=\"350\" height=\"250\" src=\"https:\/\/musashi.com.br\/jornal\/wp-content\/themes\/jnews\/assets\/img\/jeg-empty.png\" class=\"attachment-jnews-350x250 size-jnews-350x250 lazyload wp-post-image\" alt=\"Maria L\u00eddia de Oliveira\" sizes=\"auto, (max-width: 350px) 100vw, 350px\" data-src=\"https:\/\/musashi.com.br\/jornal\/wp-content\/uploads\/2025\/10\/CAPA-LIDIA-350x250.webp\" data-srcset=\"https:\/\/musashi.com.br\/jornal\/wp-content\/uploads\/2025\/10\/CAPA-LIDIA-350x250.webp 350w, https:\/\/musashi.com.br\/jornal\/wp-content\/uploads\/2025\/10\/CAPA-LIDIA-300x213.webp 300w, https:\/\/musashi.com.br\/jornal\/wp-content\/uploads\/2025\/10\/CAPA-LIDIA-120x86.webp 120w, https:\/\/musashi.com.br\/jornal\/wp-content\/uploads\/2025\/10\/CAPA-LIDIA-750x536.webp 750w, https:\/\/musashi.com.br\/jornal\/wp-content\/uploads\/2025\/10\/CAPA-LIDIA-1140x815.webp 1140w\" data-sizes=\"auto\" data-expand=\"700\" \/><\/div><\/a>\n                        <div class=\"jeg_post_category\">\n                            <span><a href=\"https:\/\/musashi.com.br\/jornal\/categoria\/jogo-rapido\/\" class=\"category-jogo-rapido\">Jogo R\u00e1pido<\/a><\/span>\n                        <\/div>\n                    <\/div>\n                    <div class=\"jeg_postblock_content\">\n                        <h3 class=\"jeg_post_title\">\n                            <a href=\"https:\/\/musashi.com.br\/jornal\/jogo-rapido-com-maria-lidia-de-oliveira\/\">Jogo R\u00e1pido com Maria L\u00eddia de Oliveira<\/a>\n                        <\/h3>\n                        <div class=\"jeg_post_meta\"><div class=\"jeg_meta_date\"><a href=\"https:\/\/musashi.com.br\/jornal\/jogo-rapido-com-maria-lidia-de-oliveira\/\"><i class=\"fa fa-clock-o\"><\/i> 27 de fevereiro de 2026<\/a><\/div><div class=\"jeg_meta_comment\"><a href=\"https:\/\/musashi.com.br\/jornal\/jogo-rapido-com-maria-lidia-de-oliveira\/#respond\" ><i class=\"fa fa-comment-o\"><\/i> 0 <\/a><\/div><\/div>\n                        <div class=\"jeg_post_excerpt\">\n                            <p>Nesta edi\u00e7\u00e3o, vamos conhecer a hist\u00f3ria inspiradora da nossa colaboradora Maria L\u00eddia de Oliveira, que iniciou sua jornada na Musashi...<\/p>\n                            <a href=\"https:\/\/musashi.com.br\/jornal\/jogo-rapido-com-maria-lidia-de-oliveira\/\" class=\"jeg_readmore\">Leia mais<span class=\"screen-reader-text\">Details<\/span><\/a>\n                        <\/div>\n                    <\/div>\n                <\/article><article class=\"jeg_post jeg_pl_lg_2 format-standard\">\n                    <div class=\"jeg_thumb\">\n                        \n                        <a href=\"https:\/\/musashi.com.br\/jornal\/jogo-rapido-com-gilberto-mitsuru-tsuda\/\" aria-label=\"Read article: Jogo R\u00e1pido com Gilberto Mitsuru Tsuda\"><div class=\"thumbnail-container animate-lazy  size-715 \"><img loading=\"lazy\" decoding=\"async\" width=\"350\" height=\"250\" src=\"https:\/\/musashi.com.br\/jornal\/wp-content\/themes\/jnews\/assets\/img\/jeg-empty.png\" class=\"attachment-jnews-350x250 size-jnews-350x250 lazyload wp-post-image\" alt=\"Gilberto Mitsuru Tsuda\" sizes=\"auto, (max-width: 350px) 100vw, 350px\" data-src=\"https:\/\/musashi.com.br\/jornal\/wp-content\/uploads\/2026\/02\/CAPA-GILBERTO-350x250.webp\" data-srcset=\"https:\/\/musashi.com.br\/jornal\/wp-content\/uploads\/2026\/02\/CAPA-GILBERTO-350x250.webp 350w, https:\/\/musashi.com.br\/jornal\/wp-content\/uploads\/2026\/02\/CAPA-GILBERTO-300x213.webp 300w, https:\/\/musashi.com.br\/jornal\/wp-content\/uploads\/2026\/02\/CAPA-GILBERTO-120x86.webp 120w, https:\/\/musashi.com.br\/jornal\/wp-content\/uploads\/2026\/02\/CAPA-GILBERTO-750x536.webp 750w, https:\/\/musashi.com.br\/jornal\/wp-content\/uploads\/2026\/02\/CAPA-GILBERTO-1140x815.webp 1140w\" data-sizes=\"auto\" data-expand=\"700\" \/><\/div><\/a>\n                        <div class=\"jeg_post_category\">\n                            <span><a href=\"https:\/\/musashi.com.br\/jornal\/categoria\/jogo-rapido\/\" class=\"category-jogo-rapido\">Jogo R\u00e1pido<\/a><\/span>\n                        <\/div>\n                    <\/div>\n                    <div class=\"jeg_postblock_content\">\n                        <h3 class=\"jeg_post_title\">\n                            <a href=\"https:\/\/musashi.com.br\/jornal\/jogo-rapido-com-gilberto-mitsuru-tsuda\/\">Jogo R\u00e1pido com Gilberto Mitsuru Tsuda<\/a>\n                        <\/h3>\n                        <div class=\"jeg_post_meta\"><div class=\"jeg_meta_date\"><a href=\"https:\/\/musashi.com.br\/jornal\/jogo-rapido-com-gilberto-mitsuru-tsuda\/\"><i class=\"fa fa-clock-o\"><\/i> 27 de fevereiro de 2026<\/a><\/div><div class=\"jeg_meta_comment\"><a href=\"https:\/\/musashi.com.br\/jornal\/jogo-rapido-com-gilberto-mitsuru-tsuda\/#respond\" ><i class=\"fa fa-comment-o\"><\/i> 0 <\/a><\/div><\/div>\n                        <div class=\"jeg_post_excerpt\">\n                            <p>\u2728 Jogo R\u00e1pido com Gilberto Mitsuru Tsuda \u2728 Nesta edi\u00e7\u00e3o do nosso quadro Jogo R\u00e1pido, voc\u00ea vai conhecer um pouco...<\/p>\n                            <a href=\"https:\/\/musashi.com.br\/jornal\/jogo-rapido-com-gilberto-mitsuru-tsuda\/\" class=\"jeg_readmore\">Leia mais<span class=\"screen-reader-text\">Details<\/span><\/a>\n                        <\/div>\n                    <\/div>\n                <\/article><\/div>\n                    <div class='module-overlay'>\n\t\t\t\t    <div class='preloader_type preloader_dot'>\n\t\t\t\t        <div class=\"module-preloader jeg_preloader dot\">\n\t\t\t\t            <span><\/span><span><\/span><span><\/span>\n\t\t\t\t        <\/div>\n\t\t\t\t        <div class=\"module-preloader jeg_preloader circle\">\n\t\t\t\t            <div class=\"jnews_preloader_circle_outer\">\n\t\t\t\t                <div class=\"jnews_preloader_circle_inner\"><\/div>\n\t\t\t\t            <\/div>\n\t\t\t\t        <\/div>\n\t\t\t\t        <div class=\"module-preloader jeg_preloader square\">\n\t\t\t\t            <div class=\"jeg_square\">\n\t\t\t\t                <div class=\"jeg_square_inner\"><\/div>\n\t\t\t\t            <\/div>\n\t\t\t\t        <\/div>\n\t\t\t\t    <\/div>\n\t\t\t\t<\/div>\n                <\/div>\n                <div class=\"jeg_block_navigation\">\n                    <div class='navigation_overlay'><div class='module-preloader jeg_preloader'><span><\/span><span><\/span><span><\/span><\/div><\/div>\n                    \n                    \n                <\/div>\n\t\t\t\t\t\n\t\t\t\t\t<script>var jnews_module__0_6a049fe1e15ed = {\"header_icon\":\"\",\"first_title\":\"\",\"second_title\":\"\",\"url\":\"\",\"header_type\":\"heading_6\",\"header_background\":\"\",\"header_secondary_background\":\"\",\"header_text_color\":\"\",\"header_line_color\":\"\",\"header_accent_color\":\"\",\"header_filter_category\":\"\",\"header_filter_author\":\"\",\"header_filter_tag\":\"\",\"header_filter_text\":\"All\",\"sticky_post\":\"\",\"sticky_post_filter\":false,\"post_type\":\"post\",\"content_type\":\"all\",\"sponsor\":\"\",\"number_post\":\"4\",\"post_offset\":\"0\",\"unique_content\":\"disable\",\"include_post\":\"\",\"included_only\":\"\",\"exclude_post\":\"\",\"include_category\":\"512\",\"exclude_category\":\"\",\"include_author\":\"\",\"include_tag\":\"\",\"exclude_tag\":\"\",\"exclude_visited_post\":false,\"sort_by\":\"latest\",\"date_format\":\"default\",\"date_format_custom\":\"Y\\\/m\\\/d\",\"excerpt_length\":\"20\",\"excerpt_ellipsis\":\"...\",\"force_normal_image_load\":\"\",\"main_custom_image_size\":\"default\",\"pagination_mode\":\"disable\",\"pagination_nextprev_showtext\":\"\",\"pagination_number_post\":4,\"pagination_scroll_limit\":0,\"ads_type\":\"disable\",\"ads_position\":1,\"ads_random\":\"\",\"ads_image\":\"\",\"ads_image_tablet\":\"\",\"ads_image_phone\":\"\",\"ads_image_link\":\"\",\"ads_image_alt\":\"\",\"ads_image_new_tab\":\"\",\"google_publisher_id\":\"\",\"google_slot_id\":\"\",\"google_desktop\":\"auto\",\"google_tab\":\"auto\",\"google_phone\":\"auto\",\"content\":\"\",\"ads_bottom_text\":\"\",\"boxed\":\"\",\"boxed_shadow\":\"\",\"el_id\":\"\",\"el_class\":\"\",\"scheme\":\"\",\"column_width\":\"auto\",\"title_color\":\"\",\"accent_color\":\"\",\"alt_color\":\"\",\"excerpt_color\":\"\",\"css\":\"\",\"compatible_column_notice\":\"\",\"paged\":1,\"column_class\":\"jeg_col_3o3\",\"class\":\"jnews_block_5\"};<\/script>\n\t\t\t\t<\/div>[\/vc_column][\/vc_row]<\/p>\n<\/div>","protected":false},"excerpt":{"rendered":"<p>[vc_row][vc_column][vc_column_text css=&#8221;&#8221;]O Jogo R\u00e1pido \u00e9 uma iniciativa leve e descontra\u00edda da nossa comunica\u00e7\u00e3o interna, criada para aproximar ainda mais os colaboradores e valorizar as hist\u00f3rias de quem est\u00e1 todos os dias construindo a Musashi do Brasil. A cada edi\u00e7\u00e3o, trazemos perguntas r\u00e1pidas e curiosidades sobre colegas da f\u00e1brica, revelando detalhes que nem sempre aparecem no [&hellip;]<\/p>\n","protected":false},"author":2,"featured_media":0,"parent":0,"menu_order":0,"comment_status":"closed","ping_status":"closed","template":"","meta":{"_monsterinsights_skip_tracking":false,"_monsterinsights_sitenote_active":false,"_monsterinsights_sitenote_note":"","_monsterinsights_sitenote_category":0,"jnews_page_loop":{"first_title":"Latest Post","header_type":"heading_6","layout":"right-sidebar","sidebar":"default-sidebar","second_sidebar":"default-sidebar","sticky_sidebar":"1","module":"3","main_custom_image_size":"default","second_custom_image_size":"default","excerpt_length":"20","content_date":"default","date_custom":"Y\/m\/d","content_pagination":"nav_1","pagination_align":"center","post_sticky":"0","post_offset":"0","posts_per_page":"5","sort_by":"latest"},"jnews_single_page":{"layout":"no-sidebar","sidebar":"default-sidebar","second_sidebar":"default-sidebar","sticky_sidebar":"1","show_post_title":"1","show_post_breadcrumbs":"1","show_post_featured":"1","share_position":"top","share_color":"share-monocrhome"},"jnews_social_meta":[],"footnotes":""},"class_list":["post-3614","page","type-page","status-publish","hentry"],"aioseo_notices":[],"_links":{"self":[{"href":"https:\/\/musashi.com.br\/jornal\/wp-json\/wp\/v2\/pages\/3614","targetHints":{"allow":["GET"]}}],"collection":[{"href":"https:\/\/musashi.com.br\/jornal\/wp-json\/wp\/v2\/pages"}],"about":[{"href":"https:\/\/musashi.com.br\/jornal\/wp-json\/wp\/v2\/types\/page"}],"author":[{"embeddable":true,"href":"https:\/\/musashi.com.br\/jornal\/wp-json\/wp\/v2\/users\/2"}],"replies":[{"embeddable":true,"href":"https:\/\/musashi.com.br\/jornal\/wp-json\/wp\/v2\/comments?post=3614"}],"version-history":[{"count":3,"href":"https:\/\/musashi.com.br\/jornal\/wp-json\/wp\/v2\/pages\/3614\/revisions"}],"predecessor-version":[{"id":3621,"href":"https:\/\/musashi.com.br\/jornal\/wp-json\/wp\/v2\/pages\/3614\/revisions\/3621"}],"wp:attachment":[{"href":"https:\/\/musashi.com.br\/jornal\/wp-json\/wp\/v2\/media?parent=3614"}],"curies":[{"name":"wp","href":"https:\/\/api.w.org\/{rel}","templated":true}]}}